{"id":48,"date":"2020-06-08T13:20:09","date_gmt":"2020-06-08T13:20:09","guid":{"rendered":"https:\/\/www.vis-talez.com\/new\/?page_id=48"},"modified":"2020-07-07T14:42:37","modified_gmt":"2020-07-07T14:42:37","slug":"home-page","status":"publish","type":"page","link":"https:\/\/www.vis-talez.com\/new\/en\/home-page\/","title":{"rendered":"Home page"},"content":{"rendered":"<div id=\"pl-48\"  class=\"panel-layout\" ><div id=\"pg-48-0\"  class=\"panel-grid panel-no-style\" ><div id=\"pgc-48-0-0\"  class=\"panel-grid-cell\" ><\/div><\/div><div id=\"pg-48-1\"  class=\"panel-grid panel-no-style\" ><div id=\"pgc-48-1-0\"  class=\"panel-grid-cell\" ><div id=\"panel-48-1-0-0\" class=\"so-panel widget widget_sow-editor panel-first-child panel-last-child\" data-index=\"1\" ><div\n\t\t\t\n\t\t\tclass=\"so-widget-sow-editor so-widget-sow-editor-base\"\n\t\t\t\n\t\t><h3 class=\"widget-title\">Renovated Hamlet of Cypresses <\/h3>\n<div class=\"siteorigin-widget-tinymce textwidget\">\n\t<p style=\"text-align: left;\"><img loading=\"lazy\" decoding=\"async\" class=\"size-full wp-image-434 alignleft\" src=\"https:\/\/www.vis-talez.com\/new\/wp-content\/uploads\/2020\/07\/talez-otok-vis-unutrasnjost-300x200-1.jpg\" alt=\"\" width=\"300\" height=\"200\" srcset=\"https:\/\/www.vis-talez.com\/new\/wp-content\/uploads\/2020\/07\/talez-otok-vis-unutrasnjost-300x200-1.jpg 300w, https:\/\/www.vis-talez.com\/new\/wp-content\/uploads\/2020\/07\/talez-otok-vis-unutrasnjost-300x200-1-272x182.jpg 272w\" sizes=\"auto, (max-width: 300px) 100vw, 300px\" \/>Our \"<strong>liberum arbitrium<\/strong>\" was the renovation of Tale\u017e, a deserted small hamlet in the inland of Vis. It was founded by the Bor\u010di\u0107 family (the Kosans) at the end of 18th and the beginning of 19th century. The hamlet is situated at 220 metres above the sea level, and is surrounded by cypresses and pine trees. It lies 5o metres below the top of a high ground which offers a wonderful view over the south Adriatic islands Su\u0161ac, Lastovo, Kor\u010dula and Hvar. Moreover, on a bright sunny day you can even see the island of Palagru\u017ea, as well as the Italian mainland. On the other side, the hamlet has a view of a valley with vineyards, as well as the surrounding villages: Pod\u0161pilje, \u017dena glava, Duboka and Borovik. Nearby, only several hundred metres to the south-west is one of the oldest archaeological sites Glavica, also known as the \"<strong>Teuta's lighthouse<\/strong>\", situated at 245 metres above sea level. Presumably, it dates from the 4th century B.C., and was the largest lighthouse in this part of the Adriaric.<\/p>\n<p>The renovation of the hamlet began in 2000., with the aim of restoring its original appearance. \"The peaceful atmosphere of Tale\u017e, the smell of imortelle, rosemary, sage and heather, the warmth of a baker's oven, crickets, the wind blowing through pines at midday, the voices of field laborers in the valley, all of this is indelibly etched on my childhood mamory, when, as a little girl, I used to spend much of my summer breaks at my grangrandmother Franina's\".<\/p>\n<p>Some of these feelings and memories have influenced the renovation, and form its integral part. Apart from the renovation and the development of eco-tourism, we wish to work out and start visual art, musical, architecural, theatrical and literary workshops for our guests and friends...<\/p>\n<\/div>\n<\/div><\/div><\/div><div id=\"pgc-48-1-1\"  class=\"panel-grid-cell\" ><div id=\"panel-48-1-1-0\" class=\"so-panel widget widget_sow-editor panel-first-child panel-last-child\" data-index=\"2\" ><div\n\t\t\t\n\t\t\tclass=\"so-widget-sow-editor so-widget-sow-editor-base\"\n\t\t\t\n\t\t><h3 class=\"widget-title\">Accommodation<\/h3>\n<div class=\"siteorigin-widget-tinymce textwidget\">\n\t<p style=\"text-align: left;\"><img loading=\"lazy\" decoding=\"async\" class=\"size-full wp-image-433 alignleft\" src=\"https:\/\/www.vis-talez.com\/new\/wp-content\/uploads\/2020\/07\/talez-otok-vis-noc-300x200b.jpg\" alt=\"\" width=\"300\" height=\"200\" srcset=\"https:\/\/www.vis-talez.com\/new\/wp-content\/uploads\/2020\/07\/talez-otok-vis-noc-300x200b.jpg 300w, https:\/\/www.vis-talez.com\/new\/wp-content\/uploads\/2020\/07\/talez-otok-vis-noc-300x200b-272x182.jpg 272w\" sizes=\"auto, (max-width: 300px) 100vw, 300px\" \/>We offer our guests accommodation in completely renovated <strong>old island houses<\/strong> located in a unique natural surrounding, and with a beautiful view of the sea and the islands of the southern Adriatic.<\/p>\n<p>The property offers a unique opportunity for looking into the history, culture and architecture of the island's rural region. The area around the house covers <strong>around 13,000 square metres<\/strong>. There is also a pool (7x3.5m) and a barbecue. Three houses are prepared for the accommodation of 3 families or groups of friends (cca 12 people). Each house (cca 60 square metres) has two bedrooms, a kitchen with a dining area and a bathroom with a shower.<\/p>\n<p>There ia also a movable air condition, a small TV set, a gas cooking stove, a microwave oven and an electric grill in each of them.<\/p>\n<p><strong>A separate house of around 40 square metres<\/strong> offers the guests a lounge with satellite television, a bar, a computer, a music area and an open fireplace, where they can socialize.<\/p>\n<p>An old paved road takes from Vis to Pod\u0161pilje. You can come to Tale\u017e by car, if you follow the old 350-metres-long macadam at the exit from the town of Duboka in Pod\u0161pilje.<\/p>\n<p>A daily delivery of fresh bread, fruits, vegetables and other provisions, as well as doing the laundry, can be arranged.<\/p>\n<\/div>\n<\/div><\/div><\/div><\/div><div id=\"pg-48-2\"  class=\"panel-grid panel-no-style\" ><div id=\"pgc-48-2-0\"  class=\"panel-grid-cell\" ><div id=\"panel-48-2-0-0\" class=\"so-panel widget widget_sow-image panel-first-child panel-last-child\" data-index=\"3\" ><div\n\t\t\t\n\t\t\tclass=\"so-widget-sow-image so-widget-sow-image-default-c67d20f9f743-48\"\n\t\t\t\n\t\t>\n\n<div class=\"sow-image-container\">\n\t\t<img loading=\"lazy\" decoding=\"async\" src=\"https:\/\/www.vis-talez.com\/new\/wp-content\/uploads\/2020\/07\/vis-talez-222-e1591697395355.jpg\" width=\"1275\" height=\"436\" srcset=\"https:\/\/www.vis-talez.com\/new\/wp-content\/uploads\/2020\/07\/vis-talez-222-e1591697395355.jpg 1275w, https:\/\/www.vis-talez.com\/new\/wp-content\/uploads\/2020\/07\/vis-talez-222-e1591697395355-300x103.jpg 300w, https:\/\/www.vis-talez.com\/new\/wp-content\/uploads\/2020\/07\/vis-talez-222-e1591697395355-1024x350.jpg 1024w, https:\/\/www.vis-talez.com\/new\/wp-content\/uploads\/2020\/07\/vis-talez-222-e1591697395355-768x263.jpg 768w\" sizes=\"auto, (max-width: 1275px) 100vw, 1275px\" alt=\"\" \t\tclass=\"so-widget-image\"\/>\n\t<\/div>\n\n<\/div><\/div><\/div><\/div><\/div>","protected":false},"excerpt":{"rendered":"<p>Our &#8220;liberum arbitrium&#8221; was the renovation of Tale\u017e, a deserted small hamlet in the inland of Vis. It was founded by the Bor\u010di\u0107 family (the Kosans) at the end of 18th and the beginning of 19th century. The hamlet is situated at 220 metres above the sea level, and is surrounded by cypresses and pine [&hellip;]<\/p>\n","protected":false},"author":1,"featured_media":0,"parent":0,"menu_order":0,"comment_status":"closed","ping_status":"closed","template":"","meta":{"footnotes":""},"class_list":["post-48","page","type-page","status-publish","hentry","post"],"_links":{"self":[{"href":"https:\/\/www.vis-talez.com\/new\/wp-json\/wp\/v2\/pages\/48","targetHints":{"allow":["GET"]}}],"collection":[{"href":"https:\/\/www.vis-talez.com\/new\/wp-json\/wp\/v2\/pages"}],"about":[{"href":"https:\/\/www.vis-talez.com\/new\/wp-json\/wp\/v2\/types\/page"}],"author":[{"embeddable":true,"href":"https:\/\/www.vis-talez.com\/new\/wp-json\/wp\/v2\/users\/1"}],"replies":[{"embeddable":true,"href":"https:\/\/www.vis-talez.com\/new\/wp-json\/wp\/v2\/comments?post=48"}],"version-history":[{"count":18,"href":"https:\/\/www.vis-talez.com\/new\/wp-json\/wp\/v2\/pages\/48\/revisions"}],"predecessor-version":[{"id":501,"href":"https:\/\/www.vis-talez.com\/new\/wp-json\/wp\/v2\/pages\/48\/revisions\/501"}],"wp:attachment":[{"href":"https:\/\/www.vis-talez.com\/new\/wp-json\/wp\/v2\/media?parent=48"}],"curies":[{"name":"wp","href":"https:\/\/api.w.org\/{rel}","templated":true}]}}